e r(-2).
4
Let r(k) = 6*k + 17. Calculate r(-8).
-31
Let c(z) = 3*z. Determine c(-3).
-9
Let w(a) = a**3 - 9*a**2 - 3*a - 4. Give w(6).
-130
Let i(k) = 8*k + 13. Give i(-7).
-43
Let x(a) = -19*a - 7. Determine x(-3).
50
Let w(m) = -5*m + 130. What is w(21)?
25
Let y(h) = 2*h + 29. Determine y(-22).
-15
Let j(v) = v**3 + 2*v + 1. Give j(0).
1
Let o(z) = -z**2 - 19*z - 61. Calculate o(-15).
-1
Let g(t) = -52*t + 2. What is g(1)?
-50
Let s(k) = 2*k**2 + 2*k - 1. What is s(-3)?
11
Let x(r) = r**3 - 4*r**2 - 11*r - 8. Give x(6).
-2
Let t(c) = 5*c - 4. Give t(1).
1
Let h(z) = z**2 + 6*z - 8. Give h(-8).
8
Let v(c) = c**3 - 2*c**2 - 6*c + 1. Determine v(4).
9
Let p(x) = x**2 - 94*x + 446. Determine p(5).
1
Let z(o) = 3*o + 20. Calculate z(-9).
-7
Let g(h) = -h**3 - 11*h**2 + 11*h - 10. Give g(-12).
2
Let i(y) = -3*y**2 + 85*y - 87. Determine i(1).
-5
Let l(c) = -3*c**2 - 91*c + 10. What is l(-30)?
40
Let t(w) = 3*w**3 + 6*w**2 - 2*w. Give t(-3).
-21
Let b(o) = -o**3 + 8*o**2 + o + 48. Calculate b(9).
-24
Let y(f) = f**3 - 5*f**2 + 4*f - 3. What is y(5)?
17
Let y(f) = -f**3 - 2*f**2 - 2*f + 4. Calculate y(0).
4
Let a(h) = h + 12. Calculate a(-15).
-3
Let g(v) = 64*v + 66. Give g(-1).
2
Let z(g) = g - 12. What is z(0)?
-12
Let w(j) = 7*j - 8. Calculate w(6).
34
Let s(w) = w**2 + 25*w + 3. Give s(-25).
3
Let z(h) = -h**3 + 10*h**2 - 10*h. Calculate z(9).
-9
Let m(z) = -5*z**3 - z**2 + 3*z - 1. Give m(1).
-4
Let m(a) = a**3 - 21*a**2 + 3*a - 51. Calculate m(21).
12
Let f(j) = -j**2 + 9*j + 11. Determine f(8).
19
Let a(q) = -q**3 + q**2 - q - 30. What is a(0)?
-30
Let g(o) = o**3 + 3*o**2 - 11*o - 23. Calculate g(-3).
10
Let f(w) = w**2 - 12*w + 21. Give f(3).
-6
Let n(u) = -u**3 + 34*u**2 - 65*u + 26. Determine n(32).
-6
Let p(v) = 15*v - 33. Calculate p(2).
-3
Let p(y) = -y**3 + 10*y**2 + y - 10. Determine p(10).
0
Let c(t) = -3*t + 16. Give c(-3).
25
Let o(v) = -v**2 - 9*v + 47. Calculate o(-13).
-5
Let n(d) = -25*d + 21. What is n(2)?
-29
Let x(l) = 10*l**2 + 23*l - 6. Give x(-3).
15
Let g(a) = a**3 + 5*a**2 + a - 9. Determine g(-3).
6
Let a(o) = -2*o**2 - 11*o + 10. Calculate a(-9).
-53
Let d(a) = -a + 1. What is d(-12)?
13
Let n(o) = -2*o - 1. Determine n(0).
-1
Let x(m) = -m**2 + 10*m + 20. Calculate x(12).
-4
Let p(i) = i**2 - 5*i - 42. Give p(-5).
8
Let m(o) = -111*o**2 - 12*o - 11. What is m(-1)?
-110
Let j(v) = v - 11. What is j(16)?
5
Let f(z) = 6*z - 12. Determine f(5).
18
Let m(z) = 12*z - 178. What is m(15)?
2
Let s(p) = 2*p**2 + 17*p + 38. Calculate s(-10).
68
Let j(c) = c**2 - 11*c + 10. What is j(7)?
-18
Let s(l) = -8*l**2 + 114*l + 18. Determine s(14).
46
Let t(s) = s**2 - 32*s + 35. Determine t(31).
4
Let b(p) = -2*p - 3. Determine b(12).
-27
Let x(u) = u**3 + 5*u**2 - 9*u + 7. Give x(-7).
-28
Let y(i) = i**3 - 2*i**2 - 5*i + 1. Determine y(3).
-5
Let u(w) = w**3 - 5*w**2 - 13*w - 39. Calculate u(8).
49
Let j(n) = 7*n + 12. Determine j(11).
89
Let w(d) = 2*d**2 + 4*d + 11. What is w(-7)?
81
Let n(k) = -k**3 + k**2 + 3*k - 2. Give n(2).
0
Let d(u) = 7*u - 89. What is d(15)?
16
Let l(x) = -17*x**2 + 1. Determine l(1).
-16
Let b(g) = -g**2 + g + 15. Calculate b(-6).
-27
Let i(a) = -a**2 - 10*a + 3. What is i(-5)?
28
Let h(o) = -3*o**2 - 14*o - 24. What is h(-2)?
-8
Let a(z) = z**3 - 7*z**2 + 9*z - 5. What is a(6)?
13
Let z(g) = -g**3 - 18*g**2 - 30*g + 34. What is z(-16)?
2
Let a(p) = -2*p + 7. Give a(5).
-3
Let z(r) = -2*r**3 - 28*r**2 - r - 17. Calculate z(-14).
-3
Let q(i) = 5*i - 64. Calculate q(6).
-34
Let z(g) = g**2 - 18*g - 1. Determine z(14).
-57
Let l(k) = -k**3 + 11*k**2 - 2*k + 8. Calculate l(11).
-14
Let t(s) = -s**2 + 18*s - 31. Calculate t(20).
-71
Let r(p) = 2*p**2 - 1. Give r(-2).
7
Let a(c) = 4*c - 6. Determine a(6).
18
Let l(n) = -16*n**3 - 2*n. What is l(1)?
-18
Let l(o) = -o**2 + 10*o - 20. Give l(7).
1
Let f(k) = -k**2 + 6*k - 18. What is f(3)?
-9
Let r(y) = y**3 - 3*y**2 - 5*y + 20. Give r(4).
16
Let z(y) = -y**3 - 4*y**2 - y. What is z(-4)?
4
Let c(m) = -m**3 - 6*m**2 + m - 8. What is c(-6)?
-14
Let s(c) = -c - 13. Give s(-12).
-1
Let r(k) = 2*k**3 + 12*k**2 - 11*k - 4. Determine r(-7).
-25
Let n(l) = -l**3 + 6*l**2 + 13*l - 84. What is n(4)?
0
Let p(i) = i**3 - 10*i**2 + 7*i + 13. What is p(9)?
-5
Let q(p) = -10*p**2 + 309*p + 25. Calculate q(31).
-6
Let v(k) = -k - 1. Determine v(1).
-2
Let l(v) = -v**2 - 7*v + 14. Calculate l(-8).
6
Let i(l) = 2*l**3 - 13*l**2 - l + 7. Give i(7).
49
Let k(u) = -u + 39. Determine k(42).
-3
Let f(s) = -s**2 + 4*s + 17. Determine f(-4).
-15
Let m(f) = -8*f**2 - 19*f + 22. Calculate m(1).
-5
Let v(p) = 2*p + 2. Determine v(-5).
-8
Let s(b) = -b**2 + 36*b - 4. Calculate s(36).
-4
Let u(i) = -8*i - 15. Give u(11).
-103
Let b(j) = 3*j + 15. What is b(-6)?
-3
Let f(q) = -q**3 + 32*q**2 - 194*q + 51. Determine f(24).
3
Let m(f) = -2*f + 4. Determine m(-13).
30
Let u(n) = n**3 - n**2 - 2*n + 3. Calculate u(5).
93
Let i(m) = m - 11. Give i(-9).
-20
Let q(f) = -f**3 - 4*f**2 + 3*f - 3. Calculate q(-4).
-15
Let l(c) = -c**2 - 11*c + 4. Calculate l(-9).
22
Let z(f) = -f + 77. Determine z(24).
53
Let z(i) = -i**2 - 2*i + 38. Determine z(-6).
14
Let d(l) = l**2 + l - 3. Give d(-6).
27
Let w(s) = 33*s**3 + s**2 + 2*s + 1. Give w(-1).
-33
Let l(i) = i**2 + 5*i - 45. Calculate l(-9).
-9
Let o(v) = -2*v**3 - 69*v**2 - 34*v + 16. What is o(-34)?
16
Let a(n) = n**3 + 7*n**2 + 10*n - 7. Give a(-5).
-7
Let d(i) = -14*i + 3. What is d(2)?
-25
Let o(c) = 2*c - 32. Determine o(14).
-4
Let j(k) = 15*k + 25. What is j(-3)?
-20
Let i(u) = u**3 - 17*u**2. Calculate i(17).
0
Let t(i) = -2*i + 5. Give t(7).
-9
Let m(i) = -99*i - 173. What is m(-2)?
25
Let a(s) = -2*s**3 + 5*s**2 - 2*s - 2. Determine a(4).
-58
Let t(x) = -x - 40. Determine t(-18).
-22
Let b(z) = z**2 + 24*z - 13. What is b(-25)?
12
Let o(d) = -d**3 + 7*d**2 - 8*d + 8. Determine o(6).
-4
Let l(j) = -10*j - 22. What is l(-2)?
-2
Let o(s) = -8*s**2 - 91*s + 58. Calculate o(-12).
-2
Let l(g) = -g**3 - 3*g**2 - g - 4. Determine l(-3).
-1
Let c(k) = -k**2 + 16*k - 14. Calculate c(16).
-14
Let y(c) = -c**3 + 4*c**2 + 4*c - 7. Calculate y(5).
-12
Let h(c) = -c**3 - 15*c**2 - 32*c - 64. Give h(-13).
14
Let u(c) = -c**3 - 6*c**2 - c - 3. Determine u(-6).
3
Let r(o) = o**2 - 4*o + 20. Calculate r(0).
20
Let k(p) = -9*p**3 + 2*p**2 - 1. Give k(-1).
10
Let k(u) = u**2 - 9*u - 4. Calculate k(10).
6
Let x(q) = q - 2. What is x(0)?
-2
Let l(s) = s**2 - 12*s + 8. Determine l(10).
-12
Let z(c) = -15*c - 1. Calculate z(-2).
29
Let f(s) = 2*s + 3. What is f(-3)?
-3
Let y(x) = -x**3 + 17*x**2 + 17*x + 12. Calculate y(18).
-6
Let i(b) = -4*b + 49. What is i(13)?
-3
Let w(m) = 2*m**2 - 22*m - 46. Calculate w(13).
6
Let n(h) = 2*h**2 + 37*h - 24. Determine n(-18).
-42
Let q(r) = -r**3 - 9*r**2 + 38*r + 17. What is q(-12)?
-7
Let v(i) = i**2 + i. Determine v(1).
2
Let w(a) = -a + 2. What is w(-1)?
3
Let f(k) = -k + 6. What is f(-5)?
11
Let x(v) = 2*v**3 - 14*v**2 + 5. Give x(7).
5
Let z(p) = p**3 + 11*p**2 + 4*p - 10. Give z(-11).
-54
Let u(q) = -173*q - 532. What is u(-3)?
-13
Let z(i) = 5*i**2 + 3*i + 6. What is z(-3)?
42
Let y(w) = -3*w - 12. Calculate y(-6).
6
Let l(u) = -6*u + 2. What is l(-2)?
14
Let s(v) = v**3 - 2*v - 31. Determine s(0).
-31
Let d(n) = n**2 - 5*n + 2. Give d(5).
2
Let p(c) = -8*c**2 - 12*c + 5. Give p(-3).
-31
Let w(x) = 3*x + 19. Determine w(-14).
-23
Let p(a) = -13*a + 19. Determine p(4).
-33
Let l(d) = -15*d**2 + d. Give l(-2).
-62
Let j(b) = b**3 - 6*b**2 - 9*b + 55. Determine j(6).
1
Let q(s) = s - 31. Determine q(10).
-21
Let s(q) = q**3 + 3*q**2 + 3*q. Determine s(-3).
-9
Let l(d) = 56*d - 108. What is l(2)?
4
Let a(f) = -3*f - 1. Give a(-2).
5
Let a(r) = -r**3 - 6*r**2 - 5. Determine a(-6).
-5
Let p(w) = -63*w**3 + w - 1. What is p(1)?
-63
Let a(b) = -b**3 - 4*b**2 + 6*b + 9. Calculate a(-5).
4
Let f(b) = -b**3 - 2*b**2 - 5*b - 1. What is f(-5)?
99
Let f(m) = -m**2 - 5*m + 91. Calculate f(7).
7
Let k(c) = -c - 10. What is k(-4)?
-6
Let d(u) = 63*u + 380. Give d(-6).
2
Let i(d) = -d**2 + 9*d + 5. Calculate i(5).
25
Let k(u) = u**2 + 9*u + 4. Give k(-7).
-10
Let f(j) = j**2 - 13*j - 3. Give f(11).
-25
Let o(f) = 3*f**2 - 9*f - 1. Determine o(6).
53
Let m(k) = 4*k**2 + 2*k - 1. Determine m(-3).
29
Let j(d) = d + 46. Give j(0).
46
Let h